 the prime factors of 108672368.
2, 7, 449, 2161
List the prime factors of 2000370979.
2000370979
What are the prime factors of 197434529?
19, 563, 18457
What are the prime factors of 40644406?
2, 11, 1847473
List the prime factors of 1450678583.
37957, 38219
List the prime factors of 69011011.
199, 239, 1451
List the prime factors of 134964394.
2, 17, 53, 74897
What are the prime factors of 3785588737?
7, 337, 229249
What are the prime factors of 78257524?
2, 3361, 5821
List the prime factors of 1135008935.
5, 163, 1392649
What are the prime factors of 992822745?
3, 5, 66188183
List the prime factors of 84639121.
7, 1727329
List the prime factors of 16114029.
3, 607, 8849
What are the prime factors of 974448977?
974448977
List the prime factors of 500801796.
2, 3, 11, 1264651
List the prime factors of 2082966423.
3, 83, 8365327
List the prime factors of 553411676.
2, 17, 569, 14303
What are the prime factors of 311071121?
311071121
List the prime factors of 20701928.
2, 13, 67, 2971
What are the prime factors of 72424814?
2, 7, 11, 43, 10937
List the prime factors of 31398191.
11, 2854381
What are the prime factors of 3161965013?
3161965013
What are the prime factors of 106981108?
2, 13, 137, 15017
What are the prime factors of 69919564?
2, 11, 13, 251, 487
What are the prime factors of 41537734?
2, 7, 2966981
List the prime factors of 1980927001.
31, 47, 907, 1499
What are the prime factors of 50411350?
2, 5, 11, 151, 607
List the prime factors of 478023236.
2, 10273, 11633
List the prime factors of 2130565215.
3, 5, 89, 1595929
What are the prime factors of 103805090?
2, 5, 10380509
What are the prime factors of 499320143?
7, 37, 193, 1427
What are the prime factors of 129334692?
2, 3, 79, 136429
What are the prime factors of 34536449?
31, 491, 2269
What are the prime factors of 150734493?
3, 7, 13, 31, 1979
What are the prime factors of 70371988?
2, 701, 25097
What are the prime factors of 1909809732?
2, 3, 29, 5487959
List the prime factors of 86751331.
23, 47, 80251
List the prime factors of 165111964.
2, 29, 1423379
List the prime factors of 95078229.
3, 17, 557, 3347
What are the prime factors of 499014829?
499014829
What are the prime factors of 959291745?
3, 5, 31, 2062993
What are the prime factors of 14462902?
2, 191, 37861
What are the prime factors of 4551044409?
3, 109, 4639189
What are the prime factors of 379016514?
2, 3, 127, 165799
What are the prime factors of 738710929?
11, 6105049
List the prime factors of 67934331.
3, 37, 204007
What are the prime factors of 660364673?
379, 1742387
What are the prime factors of 15852316?
2, 1103, 3593
What are the prime factors of 61566360?
2, 3, 5, 513053
List the prime factors of 87594792.
2, 3, 1217, 2999
List the prime factors of 2757400943.
11, 71, 3530603
List the prime factors of 11350133.
11350133
What are the prime factors of 138195643?
29, 73, 2251
List the prime factors of 45159100.
2, 5, 7, 64513
List the prime factors of 27479926.
2, 13739963
List the prime factors of 1527370724.
2, 11, 29, 1196999
What are the prime factors of 127920836?
2, 31980209
List the prime factors of 497925396.
2, 3, 211, 65551
What are the prime factors of 745663178?
2, 13, 47, 610199
What are the prime factors of 306608495?
5, 47, 569, 2293
What are the prime factors of 142987839?
3, 47662613
What are the prime factors of 130308?
2, 3, 10859
List the prime factors of 87401116.
2, 11, 281, 7069
What are the prime factors of 4674935?
5, 857, 1091
List the prime factors of 3033846010.
2, 5, 13, 17, 389, 3529
What are the prime factors of 38020387?
19, 2001073
List the prime factors of 802171447.
7, 11, 941, 11071
List the prime factors of 280470709.
17, 41, 349, 1153
List the prime factors of 113830011.
3, 17, 743987
List the prime factors of 248316186.
2, 3, 41386031
List the prime factors of 566884980.
2, 3, 5, 59, 659
List the prime factors of 13586339.
13, 31, 33713
List the prime factors of 1129805909.
1129805909
What are the prime factors of 48665188?
2, 11, 13, 149, 571
What are the prime factors of 75515789?
103, 587, 1249
List the prime factors of 578531392.
2, 557, 16229
What are the prime factors of 253939569?
3, 13, 31, 107, 151
List the prime factors of 116269107.
3, 479, 80911
What are the prime factors of 53610713?
13, 4123901
What are the prime factors of 542834907?
3, 241, 750809
What are the prime factors of 416112486?
2, 3, 59, 157, 7487
List the prime factors of 128192972.
2, 32048243
List the prime factors of 2003975412.
2, 3, 166997951
List the prime factors of 410688253.
23, 149, 119839
What are the prime factors of 28137975?
3, 5, 17, 29, 761
List the prime factors of 139510886.
2, 6113, 11411
What are the prime factors of 228932644?
2, 31, 1846231
What are the prime factors of 274969247?
7, 41, 53, 18077
What are the prime factors of 74443204?
2, 11, 17, 99523
List the prime factors of 23389570.
2, 5, 19, 257, 479
List the prime factors of 2366201652.
2, 3, 37, 47, 149, 761
List the prime factors of 323780801.
3547, 91283
What are the prime factors of 1054662622?
2, 13, 1321, 30707
List the prime factors of 2592830.
2, 5, 251, 1033
List the prime factors of 180332603.
11, 97, 169009
What are the prime factors of 140203041?
3, 11, 157, 27061
What are the prime factors of 349237797?
3, 137, 849727
What are the prime factors of 5612754866?
2, 1907, 1471619
List the prime factors of 265843812.
2, 3, 13, 29, 58763
What are the prime factors of 3811828936?
2, 476478617
List the prime factors of 948488993.
29, 103, 317539
What are the prime factors of 8561890?
2, 5, 31, 71, 389
What are the prime factors of 98754377?
17, 59, 98459
List the prime factors of 2827089504.
2, 3, 347, 28289
What are the prime factors of 38184853?
7, 23, 237173
List the prime factors of 160008.
2, 3, 59, 113
List the prime factors of 178186090.
2, 5, 97, 183697
What are the prime factors of 100233900?
2, 3, 5, 13, 659
What are the prime factors of 1429537028?
2, 461, 775237
List the prime factors of 133490039.
8081, 16519
What are the prime factors of 32577752?
2, 23, 101, 1753
List the prime factors of 433948601.
6911, 62791
What are the prime factors of 6311712659?
7, 1607, 561091
What are the prime factors of 295443524?
2, 73860881
What are the prime factors of 948188018?
2, 23, 1031, 19993
List the prime factors of 208026038.
2, 11, 9455729
What are the prime factors of 44027148?
2, 3, 11, 333539
What are the prime factors of 339425574?
2, 3, 43, 1315603
List the prime factors of 56725501.
7, 8103643
List the prime factors of 4348990.
2, 5, 31, 14029
List the prime factors of 58827503.
7, 47, 178807
List the prime factors of 430897604.
2, 107724401
List the prime factors of 24752040.
2, 3, 5, 313, 659
List the prime factors of 316651985.
5, 13, 4871569
What are the prime factors of 197776224?
2, 3, 686723
List the prime factors of 7193653354.
2, 31, 116026667
What are the prime factors of 25590695?
5, 13, 17, 23159
What are the prime factors of 89462072?
2, 7, 683, 2339
List the prime factors of 61544710.
2, 5, 6154471
What are the prime factors of 2251041086?
2, 7, 3281401
What are the prime factors of 20087351?
19, 137, 7717
What are the prime factors of 973876?
2, 243469
What are the prime factors of 148267737?
3, 16474193
List the prime factors of 1161944236.
2, 103, 373, 7561
List the prime factors of 702230275.
5, 101, 278111
List the prime factors of 109701835.
5, 23, 953929
What are the prime factors of 95287486?
2, 7, 83, 82003
What are the prime factors of 56555620?
2, 5, 11, 23, 11177
List the prime factors of 5759279338.
2, 541, 1579, 3371
What are the prime factors of 2542702078?
2, 7, 29, 109, 57457
List the prime factors of 3061023051.
3, 29, 4831, 7283
What are the prime factors of 6915532851?
3, 61, 12596599
What are the prime factors of 186581770?
2, 5, 18658177
What are the prime factors of 5950678755?
3, 5, 7, 56673131
What are the prime factors of 910531301?
1093, 833057
What are the prime factors of 47590298?
2, 7, 3399307
What are the prime factors of 2722628141?
29, 93883729
What are the prime factors of 229284850?
2, 5, 4585697
What are the prime factors of 6494056287?
3, 17, 101, 74161
What are the prime factors of 44411364?
2, 3, 41, 30089
What are the prime factors of 4